{"id":3152,"date":"2020-12-11T14:26:21","date_gmt":"2020-12-11T13:26:21","guid":{"rendered":"http:\/\/www.eloise-drinks.com\/?post_type=product&#038;p=3152"},"modified":"2021-08-05T13:06:12","modified_gmt":"2021-08-05T12:06:12","slug":"noir-22","status":"publish","type":"product","link":"https:\/\/www.eloise-drinks.com\/?product=noir-22","title":{"rendered":"Espresso Martini Noir 22"},"content":{"rendered":"","protected":false},"excerpt":{"rendered":"<p>100ml Flasche = 1 Portion<br \/>\n200ml Flasche = 2 Portionen<br \/>\n350ml Flasche = 3 bis 4 Portionen<br \/>\n_______________________________________<\/p>\n<p>Taste: Espresso Martini Style<\/p>\n<p>Alkoholgehalt: 18 % vol.<\/p>\n<p>Zutaten: Alkoholisches Mischgetr\u00e4nk aus Dunkler Rum (Companero Panama Extra A\u00f1ejo), Espresso, Pedro Ximenez Sherry, Vanillesirup<\/p>\n<p>Serviervorschlag: Eiskalt in einem vorgek\u00fchlten Cocktailglas servieren, mit Kaffeebohnen garnieren.<\/p>\n<p>Lagerung: K\u00fchl und trocken lagern. Nach dem \u00d6ffnen im K\u00fchlschrank aufbewahren und innerhalb von 7 Tagen verbrauchen. (ideale Temperatur\u00a0 0 bis + 3\u00b0 C)<\/p>\n","protected":false},"featured_media":4145,"template":"","meta":{"spay_email":""},"_links":{"self":[{"href":"https:\/\/www.eloise-drinks.com\/index.php?rest_route=\/wp\/v2\/product\/3152"}],"collection":[{"href":"https:\/\/www.eloise-drinks.com\/index.php?rest_route=\/wp\/v2\/product"}],"about":[{"href":"https:\/\/www.eloise-drinks.com\/index.php?rest_route=\/wp\/v2\/types\/product"}],"wp:featuredmedia":[{"embeddable":true,"href":"https:\/\/www.eloise-drinks.com\/index.php?rest_route=\/wp\/v2\/media\/4145"}],"wp:attachment":[{"href":"https:\/\/www.eloise-drinks.com\/index.php?rest_route=%2Fwp%2Fv2%2Fmedia&parent=3152"}],"curies":[{"name":"wp","href":"https:\/\/api.w.org\/{rel}","templated":true}]}}